vided by f.
20
Let v = 12 - 10. Suppose 0 = v*t - 64 + 10. Calculate the remainder when t is divided by 10.
7
Suppose 5 - 50 = -x. Let h = x - 29. What is the remainder when 30 is divided by h?
14
Suppose -5*a = 4*a - 171. Suppose 96 + 89 = 5*f. Calculate the remainder when f is divided by a.
18
Let c(w) = -35*w**3 + 2*w + 1. What is the remainder when c(-1) is divided by ((-6)/8)/((-4)/48)?
7
Suppose 0*u - 2*u = -3*r + 3, 0 = -4*u - 5*r + 49. Suppose u - 42 = -3*i. Calculate the remainder when 35 is divided by i.
11
Let t = 98 + -8. Calculate the remainder when t is divided by 31.
28
Suppose -2*r - 13 = -m, 7*r = 2*r + 5. Let v be 222/15 - (-1)/5. Calculate the remainder when m is divided by 114/v - 4/(-10).
7
Let k = 59 - 30. Let w(s) = 2*s**2 + 2*s + 15. Calculate the remainder when k is divided by w(0).
14
Suppose -46 = -5*q + 234. What is the remainder when q is divided by 29?
27
Let n be (16/6)/((-6)/(-9)). Suppose -n*c = -3*c - 48. Suppose -60 = -3*s + c. Calculate the remainder when s is divided by 13.
10
Suppose -5*v + 10 = -2*m, 0 = v - 4*v - 3*m + 27. Suppose -3*t = -v*t + 4. Calculate the remainder when 10 is divided by t.
2
Let l(u) = -16*u + 1. What is the remainder when l(-1) is divided by 6?
5
Suppose -3*h + 374 = 5*c, -124 = -4*c + h + 182. What is the remainder when c is divided by 27?
22
Suppose 2 + 2 = -a, 0 = 2*r + 5*a - 54. What is the remainder when r is divided by (-19)/(-3)*(-2)/(-4)*6?
18
Let w be (6/10)/(5/25). Suppose -w*l = -100 - 146. Calculate the remainder when l is divided by 21.
19
Let v(x) = -8*x + 14. Calculate the remainder when 263 is divided by v(-3).
35
Calculate the remainder when 98 is divided by 850/17*-2*1/(-5).
18
Let x = 3 - 11. Let p(n) = -2*n - 3. Let m be p(x). Suppose -5*u + 22 = -4*k, u = 2*u + 5*k + m. Calculate the remainder when 3 is divided by u.
1
Let y(q) = -9*q**3 + 3*q**2 + 4*q + 2. Calculate the remainder when y(-2) is divided by 20.
18
What is the remainder when -1 + (-7)/((-7)/27) is divided by 10?
6
Let y(k) be the first derivative of -2*k**2 + 1. Calculate the remainder when y(-1) is divided by 2.
0
Let y(g) = 4*g**2 - 2. Let d be (3/(-6) - 0)*6. Calculate the remainder when y(d) is divided by 18.
16
Let j(m) = 8*m - 4 - m**3 + 2*m**3 + 11*m**2 + 3. Suppose -y = 24 - 14. What is the remainder when 55 is divided by j(y)?
17
Suppose f - 5*m = 27, 0 = 4*f + m + 2*m - 85. Suppose -4*y - 5*j = -28, 2*j - 8 = 4*j. Calculate the remainder when f is divided by y.
10
Let b(y) = -y**3 - 5*y**2 - 5*y. Let g be b(-6). Suppose -3*s + 12 = -g. What is the remainder when 76 is divided by s?
24
Suppose 0 = 29*x - 30*x + 26. Let v = -24 + x. Calculate the remainder when 7 is divided by v.
1
Let h(k) be the second derivative of k**5/20 - k**4/12 - k**3/3 + 3*k**2/2 - k. Calculate the remainder when h(2) is divided by 3.
0
Suppose 18 + 15 = x. Calculate the remainder when 111 is divided by x.
12
Suppose 138*g + 24 = 139*g. Calculate the remainder when 69 is divided by g.
21
Suppose -3*z + 3*g = 18, -3*g + 1 - 3 = -z. Let h = 23 + z. What is the remainder when 25 is divided by h?
12
Suppose -21 = -d + 2*p, 2*p = -0*p - 10. What is the remainder when 27 is divided by d?
5
Let x = 57 - 24. Let o = -251 + 348. What is the remainder when o is divided by x?
31
Let j = 94 - 35. Calculate the remainder when j is divided by 15.
14
Suppose 16 = -3*n + 46. Let y(g) = -g**2 - 8*g - 9. Let t be y(-6). Suppose t*r - 29 = -3*l + 79, -2*l = -r + 42. What is the remainder when r is divided by n?
8
Let r(y) = -8*y - 46. Calculate the remainder when r(-10) is divided by 12.
10
Let i(l) = l**3 - 3*l**2 - 4*l + 5. Let y(x) = -x. Let n be y(-4). What is the remainder when 18 is divided by i(n)?
3
Let q = -9 + 16. Let g = -6 - -8. Suppose -4 = -a, 3*a - g*a + 11 = 5*j. Calculate the remainder when q is divided by j.
1
Let j(q) = 17*q - 4. Let a be 2*-1*47/(-2). Suppose -2*l = 15 - a. Calculate the remainder when j(2) is divided by l.
14
Suppose 0 = -t + 2*a + 40, 24 = 4*t + a - 118. What is the remainder when t is divided by 13?
10
Let t(f) = -f**3 + 3*f**2 + 4*f - 3. Calculate the remainder when 41 is divided by t(2).
5
Let p be (-2)/14 + 422/14. Suppose -5*x + 55 = -p. Calculate the remainder when 48 is divided by x.
14
Let y(t) = t + 7. Calculate the remainder when 85 is divided by y(15).
19
Suppose -7*c + 3*c - 32 = 0. Let y = 15 - 26. Let q = c - y. What is the remainder when 5 is divided by q?
2
Let u be (-1 - 1)/((-4)/(-10)). Let m = 6 - u. Suppose -3*q + q + 34 = -3*t, 2*q - 44 = -2*t. What is the remainder when q is divided by m?
9
What is the remainder when (-6)/4 + 85/10 is divided by 3?
1
Let p(i) = i**2 - 7*i - 6. Let z be p(7). Calculate the remainder when 46/3 + 2/z is divided by 6.
3
Let k = 0 + 1. Let c be -1 + k + 0 + 4. Suppose c*u + 4*x - 20 = 0, -4*x + 1 = u - 7. What is the remainder when u is divided by 3?
1
Let v be 1/((10/6)/5). Suppose v*x + 4*w - 110 = 0, 5*x - w + 3*w - 160 = 0. Let n = x - -1. Calculate the remainder when n is divided by 16.
15
Let z(j) be the second derivative of j**4/12 - j**3/6 - 36*j. Let h = -4 - -2. Calculate the remainder when 22 is divided by z(h).
4
Let l(a) = -a**3 + 14*a**2 - 29*a - 1. What is the remainder when l(11) is divided by 8?
3
Let b be 3/((-1)/((-4)/(-2))). Let q(s) = 2*s**2 + 5*s - 5. Calculate the remainder when q(b) is divided by 19.
18
Let k = -2 + 8. Let j(i) = i**3 + i**2 + i + 11. What is the remainder when j(0) is divided by k?
5
Let f(x) = -8*x - 64. Calculate the remainder when 36 is divided by f(-9).
4
Let x(c) = -c**3 - 10*c**2 - 2*c - 5. What is the remainder when 57 is divided by x(-10)?
12
Suppose 0 = -3*j + 4*j - 29. Calculate the remainder when j is divided by 6.
5
Suppose -5*t + 3 = -4*c, 2 = -2*c - 0*t + 2*t. Calculate the remainder when (3 + 22*c)/(-1) is divided by 1/(-2) - (-46)/4.
8
Let n = -265 + 449. What is the remainder when n is divided by 37?
36
Let q be 8/6*(-15)/(-10). Let n(x) = -x**3 + 5*x**2 - x. Calculate the remainder when 18 is divided by n(q).
8
Suppose -3*t + 4*q - 8*q = -132, 0 = 5*q. Suppose t = -5*c - 11. Let f = -4 - c. What is the remainder when 13 is divided by f?
6
Suppose 91 = -4*k - 9. What is the remainder when 26 is divided by 2/5 - 215/k?
8
Let b be 1/(1/110)*-1. Let q = -30 - b. Suppose d + 4*d = q. What is the remainder when 46 is divided by d?
14
Let i = 98 - 13. What is the remainder when i is divided by 23?
16
Let i be ((-8)/(-6))/(4/6). Suppose -69 = -5*u - l, i*u + 25 = 4*u + 3*l. What is the remainder when 39 is divided by u?
11
Suppose -10*t - 22 = -11*t. Calculate the remainder when 64 is divided by t.
20
Let m = -22 - -9. Let k = 27 + m. Let y = k - 8. What is the remainder when 11 is divided by y?
5
Let x be (51/(-34))/(6/(-8)). Suppose -4*m = x*m - 6. What is the remainder when 2 is divided by m?
0
Let w be 2 - (-12*2 + -3). Let l = w + -12. What is the remainder when 65 is divided by l?
14
Let n = 123 - 24. Calculate the remainder when n is divided by 10.
9
Let h = -22 - -36. Calculate the remainder when 35 is divided by h.
7
Let m = -4 - -50. What is the remainder when (-15)/(-10)*m/3 is divided by 8?
7
Suppose -3*h + 3*i - 9 = -5*h, -2*i = 3*h - 21. What is the remainder when 33 is divided by h?
6
Let b(n) = n - 9. Let p be b(8). Calculate the remainder when 13 is divided by p + -1 + (-14)/(-2).
3
Let b = 46 + 62. Calculate the remainder when b is divided by 11.
9
Let t = 10 + -1. What is the remainder when t is divided by 5?
4
Let m(h) = -2*h**3 - 2*h**2 + 1. Let v be m(3). Let k = -30 - v. Calculate the remainder when k is divided by 14.
13
Let v = -113 - -158. Calculate the remainder when v is divided by 18.
9
Let z be 110/15*(-6)/(-4). Suppose 0*j - j = 5*p - z, -5*p - 3*j = -13. Calculate the remainder when p is divided by 1.
0
Let g = -18 - -30. Let l = 9 + -6. Suppose l*m - 97 - 44 = 0. Calculate the remainder when m is divided by g.
11
Suppose 3*d + 1 = 10. Suppose 0 = -4*s - w, -s + 0*w = -d*w. Let m(p) = p**3 + p**2 - p + 16. What is the remainder when 30 is divided by m(s)?
14
Suppose -x + 4*f - 2*f + 14 = 0, 3*f = 3*x - 54. What is the remainder when 41 is divided by x?
19
Suppose 3*c = 2*c + 13. What is the remainder when 1*(-49)/(-2)*2 is divided by c?
10
Suppose -3*q + 3